{"id":1213,"date":"2019-01-30T10:06:16","date_gmt":"2019-01-30T08:06:16","guid":{"rendered":"http:\/\/kvsaudio.com\/?page_id=1213"},"modified":"2019-03-07T11:18:30","modified_gmt":"2019-03-07T09:18:30","slug":"matrix-hpa-3u","status":"publish","type":"page","link":"https:\/\/kvsaudio.com\/?page_id=1213","title":{"rendered":"Matrix HPA-3U"},"content":{"rendered":"<p><!--\n\n\n\n<style>@import url(\"\/\/matrix-digi.com\/style\/main.css\");<\/style>\n\n\n\n<!--\n\n\n<div class=\"col-sm-12\">\n\n\n<ul class=\"nav nav-tabs\">\n \t\n\n<li class=\"nav-item\">\n    <a class=\"nav-link active\" href=\"#\">Active<\/a><\/li>\n\n\n \t\n\n<li class=\"nav-item\">\n    <a class=\"nav-link\" href=\"#\">Link<\/a><\/li>\n\n\n \t\n\n<li class=\"nav-item\">\n    <a class=\"nav-link\" href=\"#\">Link<\/a><\/li>\n\n\n \t\n\n<li class=\"nav-item\">\n    <a class=\"nav-link disabled\" href=\"#\">Disabled<\/a><\/li>\n\n\n<\/ul>\n\n\n<\/div>\n\n\n--><\/p>\n<div class=\"container matrix hidden\">\n<h2>Introduction<\/h2>\n<p>Revolutionary Improvement<\/p>\n<p>HPA-3U\u207a is a biggest evolution since the M-Stage series headphone amplifier came out, the new appearance, the new circuit design and radical performance improvement to make it all difference.<\/p>\n<\/div>\n<div id=\"tabs-product\" class=\"\">\n<ul class=\"nav nav-tabs\">\n<li>\n        <a href=\"#intro\" data-toggle=\"tab\">Introduction<\/a><\/li>\n<li class=\"active\">\n        <a href=\"#gallery\" data-toggle=\"tab\">Gallery<\/a><\/li>\n<li><a href=\"#speciflcations\" data-toggle=\"tab\">Specifications<\/a><\/li>\n<li><a href=\"https:\/\/matrix-digi.com\/en\/reviews\/\" target=\"_blank\">Reviews<\/a><\/li>\n<\/ul>\n<div class=\"tab-content \">\n<div class=\"tab-pane\" id=\"intro\">\nRevolutionary Improvement<\/p>\n<p>HPA-3U\u207a is a biggest evolution since the M-Stage series headphone amplifier came out, the new appearance, the new circuit design and radical performance improvement to make it all difference.<\/p>\n<\/div>\n<div class=\"tab-pane active\" id=\"gallery\">\n<h3><\/h3>\n<div class=\"row mb-4\">\n<div class=\"col-12\">\n<figure>\n            <a class=\"d-block mb-4\" data-fancybox=\"images\" href=\"\/wp-content\/uploads\/2019\/01\/DSC_0492_2.jpg\"><br \/>\n<img decoding=\"async\" class=\"img-fluid\" src=\"\/wp-content\/uploads\/2019\/01\/DSC_0492_2-1024x680.jpg\"><br \/>\n<\/a><figcaption>\n<h6>Rocky mountain under blue and white sky<\/h6>\n<p><a href=\"https:\/\/unsplash.com\/photos\/lSXpV8bDeMA\">Photo by Guillaume Briard<\/a><\/p>\n<\/figcaption><\/figure>\n<\/div>\n<div class=\"col-6 col-lg-4\">\n<figure>\n            <a class=\"d-block mb-4\" data-fancybox=\"images\" href=\"\/wp-content\/uploads\/2019\/01\/DSC_0485_2.jpg\"><br \/>\n<img decoding=\"async\" class=\"img-fluid\" src=\"\/wp-content\/uploads\/2019\/01\/DSC_0485_2-1024x680.jpg\"><br \/>\n<\/a><figcaption>\n<h6>Man holding pair of ski poles in front of trees<\/h6>\n<p><a href=\"https:\/\/unsplash.com\/photos\/IbLZjKcelpM\">Photo by Oziel G\u00f3mez<\/a><br \/>\n<\/figcaption><\/figure>\n<figure>\n            <a class=\"d-block mb-4\" data-fancybox=\"images\" href=\"\/wp-content\/uploads\/2019\/01\/DSC_0499_2.jpg\"><br \/>\n<img decoding=\"async\" class=\"img-fluid\" src=\"\/wp-content\/uploads\/2019\/01\/DSC_0499_2-1024x680.jpg\"><br \/>\n<\/a><figcaption>\n<h6>Vaihingen an der Enz, Germany<\/h6>\n<p><a href=\"https:\/\/unsplash.com\/photos\/ty4X72BSsXY\">Photo by Oliver Roos<\/a><br \/>\n<\/figcaption><\/figure>\n<\/div>\n<div class=\"col-6 col-lg-4\">\n<figure>\n            <a class=\"d-block mb-4\" data-fancybox=\"images\" href=\"\/wp-content\/uploads\/2019\/01\/DSC_0500_2.jpg\"><br \/>\n<img decoding=\"async\" class=\"img-fluid\" src=\"\/wp-content\/uploads\/2019\/01\/DSC_0500_2-1024x680.jpg\"><br \/>\n<\/a><figcaption>\n<h6>Closeup photo of world globe<\/h6>\n<p><a href=\"https:\/\/unsplash.com\/photos\/QkPb5g9p338\">Photo by chuttersnap<\/a><br \/>\n<\/figcaption><\/figure>\n<figure>\n            <a class=\"d-block mb-4\" data-fancybox=\"images\" href=\"\/wp-content\/uploads\/2019\/01\/DSC_0501_2.jpg\"><br \/>\n<img decoding=\"async\" class=\"img-fluid\" src=\"\/wp-content\/uploads\/2019\/01\/DSC_0501_2-1024x680.jpg\"><br \/>\n<\/a><figcaption>\n<h6>Blessed are the curious, for they shall have adventures. \ud83d\udea9<\/h6>\n<p><a href=\"https:\/\/unsplash.com\/photos\/z55CR_d0ayg\">Photo by Andrew Neel<\/a><br \/>\n<\/figcaption><\/figure>\n<\/div>\n<div class=\"col-6 col-lg-4 d-none d-lg-block\">\n<figure>\n            <a class=\"d-block mb-4\" data-fancybox=\"images\" href=\"\/wp-content\/uploads\/2019\/01\/DSC_0502_2.jpg\" data-width=\"1279\" data-height=\"870\"><br \/>\n<img decoding=\"async\" class=\"img-fluid\" src=\"\/wp-content\/uploads\/2019\/01\/DSC_0502_2-1024x680.jpg\"><br \/>\n<\/a><figcaption>\n<h6>Aerial photo of person using paddleboard<\/h6>\n<p><a href=\"https:\/\/unsplash.com\/photos\/KgCbvOWYuU0\">Photo by Ishan @seefromthesky<\/a><br \/>\n<\/figcaption><\/figure>\n<figure>\n            <a class=\"d-block mb-4\" data-fancybox=\"images\" href=\"\/wp-content\/uploads\/2019\/01\/1107_POSTER.333.png\"><br \/>\n<img decoding=\"async\" class=\"img-fluid\" src=\"\/wp-content\/uploads\/2019\/01\/1107_POSTER.333-1024x677.png\"><br \/>\n<\/a><figcaption>\n<h6>Car on curve road surrounded by trees<\/h6>\n<p><a href=\"https:\/\/unsplash.com\/photos\/O7qK1vQY3p0\">Photo by Grant Porter<\/a><br \/>\n<\/figcaption><\/figure>\n<\/div>\n<\/div>\n<\/div>\n<div class=\"tab-pane\" id=\"speciflcations\" role=\"tabpanel\">\n<h3><\/h3>\n<div class=\"pp_title\">\n                <strong>Speciflcations<\/strong><\/div>\n<div class=\"row\">\n<div class=\"col-md-12\">\n<div class=\"panel\">\n<div class=\"panel-heading\">\n<h3 class=\"panel-title\">Technical<\/h3>\n<\/div>\n<div class=\"panel-body\">\n<h3>Line Output<\/h3>\n<dl class=\"dl-horizontal\">\n<dt style=\"padding-top: 30px;\">SNR<\/dt>\n<dd style=\"padding-top: 30px;\">\uff1e-112dB at 20Hz-22kHz A-Weighting<\/dd>\n<dt style=\"padding-top: 30px;\">THD+N<\/dt>\n<dd style=\"padding-top: 30px;\">\uff1c0.0003% at 1kHz 1VRMS A-Weighting<\/dd>\n<dt style=\"padding-top: 30px;\">Frequency Response<\/dt>\n<dd style=\"padding-top: 30px;\">20Hz-20kHz(+0.01dB\/-0.04dB)<\/dd>\n<dt style=\"padding-top: 30px;\">Output Impedance<\/dt>\n<dd style=\"padding-top: 30px;\">51ohms<\/dd>\n<\/dl>\n<h3>Headphone Output<\/h3>\n<dl class=\"dl-horizontal\">\n<dt style=\"padding-top: 30px;\">SNR<\/dt>\n<dd style=\"padding-top: 30px;\">\uff1e-112dB A-Weighting<\/dd>\n<dt style=\"padding-top: 30px;\">THD+N<\/dt>\n<dd style=\"padding-top: 30px;\">\uff1c0.0003% at 33ohms 90mW 1kHz A-Weighting<\/dd>\n<dt style=\"padding-top: 30px;\">Frequency Response<\/dt>\n<dd style=\"padding-top: 30px;\">20Hz-20kHz(+0.01dB\/-0.04dB)<\/dd>\n<dt style=\"padding-top: 30px;\">Output Impedance<\/dt>\n<dd style=\"padding-top: 30px;\">0.2ohms<\/dd>\n<dt style=\"padding-top: 30px;\">Output Power<\/dt>\n<dd style=\"padding-top: 30px;\">2800mW at 33ohms \/ 420mW at 300ohms \/ 210mW at 600ohms at THD+N=0.01%<\/dd>\n<\/dl>\n<h3>Gain Control<\/h3>\n<dl class=\"dl-horizontal\">\n<dt style=\"padding-top: 30px;\">Gain<\/dt>\n<dd style=\"padding-top: 30px;\">5=5dB 10=10dB 20=20dB<\/dd>\n<\/dl>\n<h3>USB Input<\/h3>\n<dl class=\"dl-horizontal\">\n<dt style=\"padding-top: 30px;\">USB Chip<\/dt>\n<dd style=\"padding-top: 30px;\">XMOS U-Series Asynchronous USB Chip<\/dd>\n<dt style=\"padding-top: 30px;\">D\/A Chip<\/dt>\n<dd style=\"padding-top: 30px;\">CIRRUS LOGIC CS4398<\/dd>\n<dt style=\"padding-top: 30px;\">SNR<\/dt>\n<dd style=\"padding-top: 30px;\">\uff1e-110dB A-Weighting<\/dd>\n<dt style=\"padding-top: 30px;\">THD+N<\/dt>\n<dd style=\"padding-top: 30px;\">\uff1c0.0009% at 1kHz A-Weighting<\/dd>\n<dt style=\"padding-top: 30px;\">PCM Sample Rate<\/dt>\n<dd style=\"padding-top: 30px;\">16-24Bit \/44.1kHz 48kHz 88.2kHz 96kHz 176.4kHz 192kHz<\/dd>\n<dt style=\"padding-top: 30px;\">DSD Sample Rate<\/dt>\n<dd style=\"padding-top: 30px;\">DSD2.8MHz\/DSD5.6MHz\uff08DoP and ASIO Native\uff09<\/dd>\n<dt style=\"padding-top: 30px;\">System Support<\/dt>\n<dd style=\"padding-top: 30px;\">Windows XP\/Vista\/7\/8\/8.1 systems need to install the driver supplied<\/dd>\n<dd>Mac OS X 10.6.4 and above version have native support and do not require a driver<\/dd>\n<dd>Can be used with the most of Android devices via the OTG cable<\/dd>\n<dd>Can be used with iOS devices via the Lightning to USB Camera Adapter<\/dd>\n<\/dl>\n<p>\u00a0<\/p>\n<\/div>\n<\/div>\n<\/div>\n<\/div>\n<div class=\"row\">\n<div class=\"col-md-4\">\n<div class=\"panel \">\n<div class=\"panel-heading\">\n<h3 class=\"panel-title\">Power<\/h3>\n<\/div>\n<div class=\"panel-body\">\n<dl class=\"dl-horizontal\">\n<dt style=\"padding-top: 30px;\">Power Voltage<\/dt>\n<dd style=\"padding-top: 30px;\">230V position is fit for AC220V-240V 50\/60Hz<\/dd>\n<dd>115V position is fit for AC100V-120V 50\/60Hz<\/dd>\n<dt style=\"padding-top: 30px;\">Power Consumption<\/dt>\n<dd style=\"padding-top: 30px;\">\uff1c25W<\/dd>\n<dt style=\"padding-top: 30px;\">Fuse<\/dt>\n<dd style=\"padding-top: 30px;\">AC250V\/500mA 5\u00d720mm<\/dd>\n<\/dl>\n<\/div>\n<\/div>\n<\/div>\n<div class=\"col-md-4\">\n<div class=\"panel \">\n<div class=\"panel-heading\">\n<h3 class=\"panel-title\">Others<\/h3>\n<\/div>\n<div class=\"panel-body\">\n<dl class=\"dl-horizontal\">\n<dt style=\"padding-top: 30px;\">Dimension<\/dt>\n<dd style=\"padding-top: 30px;\">285\u00d7142\u00d749mm L\u00d7W\u00d7H(Including the protruding part)<\/dd>\n<dt style=\"padding-top: 30px;\">Weight<\/dt>\n<dd style=\"padding-top: 30px;\">1.7kg<\/dd>\n<\/dl>\n<\/div>\n<\/div>\n<\/div>\n<div class=\"col-md-4\">\n<div class=\"panel \">\n<div class=\"panel-heading\">\n<h3 class=\"panel-title\">Accessory<\/h3>\n<\/div>\n<div class=\"panel-body\">\n<dl class=\"dl-horizontal\">\n<dt style=\"padding-top: 30px;\">Driver&User Manual Disk<\/dt>\n<dd style=\"padding-top: 30px;\">\u00d71<\/dd>\n<dt style=\"padding-top: 30px;\">Power Cord<\/dt>\n<dd style=\"padding-top: 30px;\">\u00d71<\/dd>\n<dt style=\"padding-top: 30px;\">USB Cable<\/dt>\n<dd style=\"padding-top: 30px;\">\u00d71<\/dd>\n<\/dl>\n<\/div>\n<\/div>\n<\/div>\n<\/div>\n<p><a href=\"https:\/\/matrix-digi.com\/en\/products\/312.html#speciflcations\" target=\"_blank\">Click here<\/a><\/p>\n<\/div>\n<div class=\"tab-pane\" id=\"3\">\n<h3>add clearfix to tab-content (see the css)<\/h3>\n<\/div>\n<\/div>\n<\/div>\n","protected":false},"excerpt":{"rendered":"<p>Introduction Revolutionary Improvement HPA-3U\u207a is a biggest evolution since the M-Stage series headphone amplifier came out, the new appearance, the new circuit design and radical performance improvement to make it all difference. Introduction Gallery Specifications Reviews Revolutionary Improvement HPA-3U\u207a is a biggest evolution since the M-Stage series headphone amplifier came out, the new appearance, the<\/p>\n<div><a class=\"btn-filled btn\" href=\"https:\/\/kvsaudio.com\/?page_id=1213\" title=\"Matrix HPA-3U\">Read More<\/a><\/div>\n","protected":false},"author":1,"featured_media":0,"parent":0,"menu_order":0,"comment_status":"closed","ping_status":"closed","template":"","meta":{"footnotes":""},"class_list":["post-1213","page","type-page","status-publish","hentry"],"_links":{"self":[{"href":"https:\/\/kvsaudio.com\/index.php?rest_route=\/wp\/v2\/pages\/1213","targetHints":{"allow":["GET"]}}],"collection":[{"href":"https:\/\/kvsaudio.com\/index.php?rest_route=\/wp\/v2\/pages"}],"about":[{"href":"https:\/\/kvsaudio.com\/index.php?rest_route=\/wp\/v2\/types\/page"}],"author":[{"embeddable":true,"href":"https:\/\/kvsaudio.com\/index.php?rest_route=\/wp\/v2\/users\/1"}],"replies":[{"embeddable":true,"href":"https:\/\/kvsaudio.com\/index.php?rest_route=%2Fwp%2Fv2%2Fcomments&post=1213"}],"version-history":[{"count":14,"href":"https:\/\/kvsaudio.com\/index.php?rest_route=\/wp\/v2\/pages\/1213\/revisions"}],"predecessor-version":[{"id":1478,"href":"https:\/\/kvsaudio.com\/index.php?rest_route=\/wp\/v2\/pages\/1213\/revisions\/1478"}],"wp:attachment":[{"href":"https:\/\/kvsaudio.com\/index.php?rest_route=%2Fwp%2Fv2%2Fmedia&parent=1213"}],"curies":[{"name":"wp","href":"https:\/\/api.w.org\/{rel}","templated":true}]}}